{"id":7,"date":"2021-06-17T21:58:51","date_gmt":"2021-06-17T21:58:51","guid":{"rendered":"http:\/\/decorotuevento.es\/?page_id=7"},"modified":"2021-07-06T21:50:12","modified_gmt":"2021-07-06T21:50:12","slug":"contacto-decoracion-de-bodas-sencillas-y-economicas","status":"publish","type":"page","link":"https:\/\/decorotuevento.es\/index.php\/contacto-decoracion-de-bodas-sencillas-y-economicas\/","title":{"rendered":"Contacto"},"content":{"rendered":"\t\t<div data-elementor-type=\"wp-page\" data-elementor-id=\"7\" class=\"elementor elementor-7\">\n\t\t\t\t\t\t\t\t\t<section class=\"elementor-section elementor-top-section elementor-element elementor-element-f1117c0 elementor-section-boxed elementor-section-height-default elementor-section-height-default\" data-id=\"f1117c0\" data-element_type=\"section\">\n\t\t\t\t\t\t<div class=\"elementor-container elementor-column-gap-default\">\n\t\t\t\t\t<div class=\"elementor-column elementor-col-100 elementor-top-column elementor-element elementor-element-681ffed\" data-id=\"681ffed\" data-element_type=\"column\">\n\t\t\t<div class=\"elementor-widget-wrap elementor-element-populated\">\n\t\t\t\t\t\t\t\t<div class=\"elementor-element elementor-element-1903690 elementor-drop-cap-yes elementor-drop-cap-view-default elementor-widget elementor-widget-text-editor\" data-id=\"1903690\" data-element_type=\"widget\" data-settings=\"{&quot;drop_cap&quot;:&quot;yes&quot;}\" data-widget_type=\"text-editor.default\">\n\t\t\t\t<div class=\"elementor-widget-container\">\n\t\t\t\t\t\t\t<p>Contacta con nosotros para contratar la <strong>decoraci\u00f3n de tu boda sencilla<\/strong> y <strong>econ\u00f3mica<\/strong> o si lo prefieres con un <strong>dise\u00f1o sofisticado<\/strong>, o con un <strong>dise\u00f1o moderno<\/strong>, \u00bfQuiz\u00e1s un dise\u00f1o de decoraci\u00f3n de tu<strong> boda<\/strong> tematizado con tu <strong>pel\u00edcula o afici\u00f3n favorita<\/strong>? \u00bfDeseas conocer todas las posibilidades en <strong>decoraci\u00f3n de eventos<\/strong> que ofrecemos? \u00bfQuieres que te ayudemos a decidir sobre c\u00f3mo podemos <strong>decorar tu pr\u00f3ximo evento<\/strong>? \u00bfTienes una <strong>fiesta<\/strong> y no sabes que hacer para impresionar a tus invitados? \u00bfC\u00f3mo puedo contratar los servicios de <strong>decoraci\u00f3n para una boda<\/strong>? \u00bfQuieres hacer una <strong>fiesta Baby shower<\/strong> y no tienes tiempo? \u00bfComo decorar una comuni\u00f3n? \u00bfC\u00f3mo puedo decorar una <strong>fiesta de cumplea\u00f1os<\/strong>? Cualquier pregunta que se te ocurra la puedes hacer en el siguiente formulario estamos encantados de poder ayudarte.\u00a0<\/p>\t\t\t\t\t\t<\/div>\n\t\t\t\t<\/div>\n\t\t\t\t\t<\/div>\n\t\t<\/div>\n\t\t\t\t\t\t\t<\/div>\n\t\t<\/section>\n\t\t\t\t<section class=\"elementor-section elementor-top-section elementor-element elementor-element-3a2f00e3 elementor-section-boxed elementor-section-height-default elementor-section-height-default\" data-id=\"3a2f00e3\" data-element_type=\"section\">\n\t\t\t\t\t\t<div class=\"elementor-container elementor-column-gap-default\">\n\t\t\t\t\t<div class=\"elementor-column elementor-col-100 elementor-top-column elementor-element elementor-element-267d7419\" data-id=\"267d7419\" data-element_type=\"column\">\n\t\t\t<div class=\"elementor-widget-wrap elementor-element-populated\">\n\t\t\t\t\t\t\t\t<div class=\"elementor-element elementor-element-7b956673 elementor-widget elementor-widget-text-editor\" data-id=\"7b956673\" data-element_type=\"widget\" data-widget_type=\"text-editor.default\">\n\t\t\t\t<div class=\"elementor-widget-container\">\n\t\t\t\t\t\t\t<!-- wp:paragraph -->\n<p>\u00a0info@decorotuevento.es<\/p>\n<!-- \/wp:paragraph --><!-- wp:paragraph -->\n<p><a href=\"https:\/\/www.google.com\/search?q=decoro+tu+evento&amp;oq=decoro+tu+evento&amp;aqs=chrome..69i57j69i60l3.4906j0j15&amp;sourceid=chrome&amp;ie=UTF-8#\" data-wplink-edit=\"true\">646 79 92 99<\/a><\/p>\n<!-- \/wp:paragraph --><!-- wp:paragraph -->\n<p>Calle la Mancha, 1, 45240 Alameda de la Sagra, Toledo<\/p>\n<!-- \/wp:paragraph -->\t\t\t\t\t\t<\/div>\n\t\t\t\t<\/div>\n\t\t\t\t\t<\/div>\n\t\t<\/div>\n\t\t\t\t\t\t\t<\/div>\n\t\t<\/section>\n\t\t\t\t<section class=\"elementor-section elementor-top-section elementor-element elementor-element-40cb800 elementor-section-boxed elementor-section-height-default elementor-section-height-default\" data-id=\"40cb800\" data-element_type=\"section\">\n\t\t\t\t\t\t<div class=\"elementor-container elementor-column-gap-default\">\n\t\t\t\t\t<div class=\"elementor-column elementor-col-100 elementor-top-column elementor-element elementor-element-ecb18e6\" data-id=\"ecb18e6\" data-element_type=\"column\">\n\t\t\t<div class=\"elementor-widget-wrap elementor-element-populated\">\n\t\t\t\t\t\t\t\t<div class=\"elementor-element elementor-element-12f7277 elementor-widget elementor-widget-google_maps\" data-id=\"12f7277\" data-element_type=\"widget\" data-widget_type=\"google_maps.default\">\n\t\t\t\t<div class=\"elementor-widget-container\">\n\t\t\t\t\t<div class=\"elementor-custom-embed\">\n\t\t\t<iframe frameborder=\"0\" scrolling=\"no\" marginheight=\"0\" marginwidth=\"0\"\n\t\t\t\t\tsrc=\"https:\/\/maps.google.com\/maps?q=decoro%20tu%20evento&#038;t=m&#038;z=10&#038;output=embed&#038;iwloc=near\"\n\t\t\t\t\ttitle=\"decoro tu evento\"\n\t\t\t\t\taria-label=\"decoro tu evento\"\n\t\t\t><\/iframe>\n\t\t<\/div>\n\t\t\t\t<\/div>\n\t\t\t\t<\/div>\n\t\t\t\t\t<\/div>\n\t\t<\/div>\n\t\t\t\t\t\t\t<\/div>\n\t\t<\/section>\n\t\t\t\t<section class=\"elementor-section elementor-top-section elementor-element elementor-element-6b0d44f elementor-section-boxed elementor-section-height-default elementor-section-height-default\" data-id=\"6b0d44f\" data-element_type=\"section\">\n\t\t\t\t\t\t<div class=\"elementor-container elementor-column-gap-default\">\n\t\t\t\t\t<div class=\"elementor-column elementor-col-100 elementor-top-column elementor-element elementor-element-8487679\" data-id=\"8487679\" data-element_type=\"column\">\n\t\t\t<div class=\"elementor-widget-wrap elementor-element-populated\">\n\t\t\t\t\t\t\t\t<div class=\"elementor-element elementor-element-4f78a54 elementor-widget elementor-widget-html\" data-id=\"4f78a54\" data-element_type=\"widget\" data-widget_type=\"html.default\">\n\t\t\t\t<div class=\"elementor-widget-container\">\n\t\t\t<div role=\"form\" class=\"wpcf7\" id=\"wpcf7-f38-o1\" lang=\"es-ES\" dir=\"ltr\">\n<div class=\"screen-reader-response\"><p role=\"status\" aria-live=\"polite\" aria-atomic=\"true\"><\/p> <ul><\/ul><\/div>\n<form action=\"\/index.php\/wp-json\/wp\/v2\/pages\/7#wpcf7-f38-o1\" method=\"post\" class=\"wpcf7-form init cf7skins cf7s-fairy-floss\" novalidate=\"novalidate\" data-status=\"init\">\n<div style=\"display: none;\">\n<input type=\"hidden\" name=\"_wpcf7\" value=\"38\" \/>\n<input type=\"hidden\" name=\"_wpcf7_version\" value=\"5.5.6.1\" \/>\n<input type=\"hidden\" name=\"_wpcf7_locale\" value=\"es_ES\" \/>\n<input type=\"hidden\" name=\"_wpcf7_unit_tag\" value=\"wpcf7-f38-o1\" \/>\n<input type=\"hidden\" name=\"_wpcf7_container_post\" value=\"0\" \/>\n<input type=\"hidden\" name=\"_wpcf7_posted_data_hash\" value=\"\" \/>\n<\/div>\n<p><label> Tu nombre<br \/>\n    <span class=\"wpcf7-form-control-wrap your-name\"><input type=\"text\" name=\"your-name\" value=\"\" size=\"40\" class=\"wpcf7-form-control wpcf7-text wpcf7-validates-as-required\" id=\"your-name\" aria-required=\"true\" aria-invalid=\"false\" \/><\/span> <\/label><\/p>\n<p><label> Tu correo electr\u00f3nico<br \/>\n    <span class=\"wpcf7-form-control-wrap your-email\"><input type=\"email\" name=\"your-email\" value=\"\" size=\"40\" class=\"wpcf7-form-control wpcf7-text wpcf7-email wpcf7-validates-as-required wpcf7-validates-as-email\" id=\"your-email\" aria-required=\"true\" aria-invalid=\"false\" \/><\/span> <\/label><\/p>\n<p><label> Asunto<br \/>\n    <span class=\"wpcf7-form-control-wrap your-subject\"><input type=\"text\" name=\"your-subject\" value=\"\" size=\"40\" class=\"wpcf7-form-control wpcf7-text wpcf7-validates-as-required\" id=\"your-subject\" aria-required=\"true\" aria-invalid=\"false\" \/><\/span> <\/label><\/p>\n<p><label> Tu mensaje (opcional)<br \/>\n    <span class=\"wpcf7-form-control-wrap your-message\"><textarea name=\"your-message\" cols=\"40\" rows=\"10\" class=\"wpcf7-form-control wpcf7-textarea\" id=\"your-message\" aria-invalid=\"false\"><\/textarea><\/span> <\/label><\/p>\n<p><br><span><span class=\"wpcf7-form-control-wrap acceptance-279\"><span class=\"wpcf7-form-control wpcf7-acceptance\"><span class=\"wpcf7-list-item\"><input type=\"checkbox\" name=\"acceptance-279\" value=\"1\" aria-invalid=\"false\" id=\"acceptance-279\" \/><\/span><\/span><\/span> He le\u00eddo y acepto el <a target=\"_blank\" rel=\"nofollow noopener noreferrer\" href=\"https:\/\/decorotuevento.es\/avisos-legales\">Aviso Legal<\/a> y la <a target=\"_blank\" rel=\"nofollow noopener noreferrer\" href=\"https:\/\/decorotuevento.es\/politica-de-privacidad\">Pol\u00edtica de Privacidad<\/a>.<\/span><br><br><span><span class=\"wpcf7-form-control-wrap acceptance-415\"><span class=\"wpcf7-form-control wpcf7-acceptance\"><span class=\"wpcf7-list-item\"><input type=\"checkbox\" name=\"acceptance-415\" value=\"1\" aria-invalid=\"false\" id=\"acceptance-415\" \/><\/span><\/span><\/span> Acepto recibir la informaci\u00f3n que la entidad considere oportuno enviarme por correo electr\u00f3nico o medio de comunicaci\u00f3n electr\u00f3nica equivalente. (Es posible darse de baja en cualquier momento).<\/span><br><input type=\"submit\" value=\"Enviar\" class=\"wpcf7-form-control has-spinner wpcf7-submit\" \/><\/p>\n<div class=\"wpcf7-response-output\" aria-hidden=\"true\"><\/div><\/form><\/div>\t\t<\/div>\n\t\t\t\t<\/div>\n\t\t\t\t\t<\/div>\n\t\t<\/div>\n\t\t\t\t\t\t\t<\/div>\n\t\t<\/section>\n\t\t\t\t\t\t\t<\/div>\n\t\t","protected":false},"excerpt":{"rendered":"<p>Contacta con nosotros para contratar la decoraci\u00f3n de tu boda sencilla y econ\u00f3mica o si lo prefieres con un dise\u00f1o sofisticado, o con un dise\u00f1o moderno, \u00bfQuiz\u00e1s un dise\u00f1o de decoraci\u00f3n de tu boda tematizado con tu pel\u00edcula o afici\u00f3n favorita? \u00bfDeseas conocer todas las posibilidades en decoraci\u00f3n de eventos que ofrecemos? \u00bfQuieres que te [&hellip;]<\/p>\n","protected":false},"author":1,"featured_media":0,"parent":0,"menu_order":0,"comment_status":"closed","ping_status":"closed","template":"","meta":{"ngg_post_thumbnail":0,"spay_email":"","_joinchat":[]},"yoast_head":"<!-- This site is optimized with the Yoast SEO plugin v16.8 - https:\/\/yoast.com\/wordpress\/plugins\/seo\/ -->\n<title>Contacto decoraci\u00f3n de bodas sencillas y econ\u00f3micas Madrid y Toledo<\/title>\n<meta name=\"description\" content=\"Aqu\u00ed podr\u00e1s contactar la decoraci\u00f3n de tu evento de una manera sencilla y econ\u00f3mica, decoraci\u00f3n de bodas, decoraci\u00f3n de comuni\u00f3n, decoraci\u00f3n.\" \/>\n<meta name=\"robots\" content=\"index, follow, max-snippet:-1, max-image-preview:large, max-video-preview:-1\" \/>\n<link rel=\"canonical\" href=\"https:\/\/decorotuevento.es\/index.php\/contacto-decoracion-de-bodas-sencillas-y-economicas\/\" \/>\n<meta property=\"og:locale\" content=\"es_ES\" \/>\n<meta property=\"og:type\" content=\"article\" \/>\n<meta property=\"og:title\" content=\"Contacto decoraci\u00f3n de bodas sencillas y econ\u00f3micas Madrid y Toledo\" \/>\n<meta property=\"og:description\" content=\"Aqu\u00ed podr\u00e1s contactar la decoraci\u00f3n de tu evento de una manera sencilla y econ\u00f3mica, decoraci\u00f3n de bodas, decoraci\u00f3n de comuni\u00f3n, decoraci\u00f3n.\" \/>\n<meta property=\"og:url\" content=\"https:\/\/decorotuevento.es\/index.php\/contacto-decoracion-de-bodas-sencillas-y-economicas\/\" \/>\n<meta property=\"og:site_name\" content=\"Decoro tu evento By DeCarmen Decoraci&oacute;n de eventos, bodas, bautizos, comuniones, cumplea&ntilde;os y fiestas privadas\" \/>\n<meta property=\"article:modified_time\" content=\"2021-07-06T21:50:12+00:00\" \/>\n<meta name=\"twitter:card\" content=\"summary_large_image\" \/>\n<meta name=\"twitter:label1\" content=\"Tiempo de lectura\" \/>\n\t<meta name=\"twitter:data1\" content=\"1 minuto\" \/>\n<script type=\"application\/ld+json\" class=\"yoast-schema-graph\">{\"@context\":\"https:\/\/schema.org\",\"@graph\":[{\"@type\":\"WebSite\",\"@id\":\"https:\/\/decorotuevento.es\/#website\",\"url\":\"https:\/\/decorotuevento.es\/\",\"name\":\"Decoro tu evento By DeCarmen Decoraci&oacute;n de eventos, bodas, bautizos, comuniones, cumplea&ntilde;os y fiestas privadas\",\"description\":\"Decoraci&oacute;n de bodas, decoraci&oacute;n en Madrid y Toledo para todo tipo de eventos, fiestas de cumplea&ntilde;os, bautizos, bodas, comuniones, babyshower, decoraciones tematizadas, eventos de empresa etc...\",\"potentialAction\":[{\"@type\":\"SearchAction\",\"target\":{\"@type\":\"EntryPoint\",\"urlTemplate\":\"https:\/\/decorotuevento.es\/?s={search_term_string}\"},\"query-input\":\"required name=search_term_string\"}],\"inLanguage\":\"es\"},{\"@type\":\"WebPage\",\"@id\":\"https:\/\/decorotuevento.es\/index.php\/contacto-decoracion-de-bodas-sencillas-y-economicas\/#webpage\",\"url\":\"https:\/\/decorotuevento.es\/index.php\/contacto-decoracion-de-bodas-sencillas-y-economicas\/\",\"name\":\"Contacto decoraci\\u00f3n de bodas sencillas y econ\\u00f3micas Madrid y Toledo\",\"isPartOf\":{\"@id\":\"https:\/\/decorotuevento.es\/#website\"},\"datePublished\":\"2021-06-17T21:58:51+00:00\",\"dateModified\":\"2021-07-06T21:50:12+00:00\",\"description\":\"Aqu\\u00ed podr\\u00e1s contactar la decoraci\\u00f3n de tu evento de una manera sencilla y econ\\u00f3mica, decoraci\\u00f3n de bodas, decoraci\\u00f3n de comuni\\u00f3n, decoraci\\u00f3n.\",\"breadcrumb\":{\"@id\":\"https:\/\/decorotuevento.es\/index.php\/contacto-decoracion-de-bodas-sencillas-y-economicas\/#breadcrumb\"},\"inLanguage\":\"es\",\"potentialAction\":[{\"@type\":\"ReadAction\",\"target\":[\"https:\/\/decorotuevento.es\/index.php\/contacto-decoracion-de-bodas-sencillas-y-economicas\/\"]}]},{\"@type\":\"BreadcrumbList\",\"@id\":\"https:\/\/decorotuevento.es\/index.php\/contacto-decoracion-de-bodas-sencillas-y-economicas\/#breadcrumb\",\"itemListElement\":[{\"@type\":\"ListItem\",\"position\":1,\"name\":\"Portada\",\"item\":\"https:\/\/decorotuevento.es\/\"},{\"@type\":\"ListItem\",\"position\":2,\"name\":\"Contacto\"}]}]}<\/script>\n<!-- \/ Yoast SEO plugin. -->","yoast_head_json":{"title":"Contacto decoraci\u00f3n de bodas sencillas y econ\u00f3micas Madrid y Toledo","description":"Aqu\u00ed podr\u00e1s contactar la decoraci\u00f3n de tu evento de una manera sencilla y econ\u00f3mica, decoraci\u00f3n de bodas, decoraci\u00f3n de comuni\u00f3n, decoraci\u00f3n.","robots":{"index":"index","follow":"follow","max-snippet":"max-snippet:-1","max-image-preview":"max-image-preview:large","max-video-preview":"max-video-preview:-1"},"canonical":"https:\/\/decorotuevento.es\/index.php\/contacto-decoracion-de-bodas-sencillas-y-economicas\/","og_locale":"es_ES","og_type":"article","og_title":"Contacto decoraci\u00f3n de bodas sencillas y econ\u00f3micas Madrid y Toledo","og_description":"Aqu\u00ed podr\u00e1s contactar la decoraci\u00f3n de tu evento de una manera sencilla y econ\u00f3mica, decoraci\u00f3n de bodas, decoraci\u00f3n de comuni\u00f3n, decoraci\u00f3n.","og_url":"https:\/\/decorotuevento.es\/index.php\/contacto-decoracion-de-bodas-sencillas-y-economicas\/","og_site_name":"Decoro tu evento By DeCarmen Decoraci&oacute;n de eventos, bodas, bautizos, comuniones, cumplea&ntilde;os y fiestas privadas","article_modified_time":"2021-07-06T21:50:12+00:00","twitter_card":"summary_large_image","twitter_misc":{"Tiempo de lectura":"1 minuto"},"schema":{"@context":"https:\/\/schema.org","@graph":[{"@type":"WebSite","@id":"https:\/\/decorotuevento.es\/#website","url":"https:\/\/decorotuevento.es\/","name":"Decoro tu evento By DeCarmen Decoraci&oacute;n de eventos, bodas, bautizos, comuniones, cumplea&ntilde;os y fiestas privadas","description":"Decoraci&oacute;n de bodas, decoraci&oacute;n en Madrid y Toledo para todo tipo de eventos, fiestas de cumplea&ntilde;os, bautizos, bodas, comuniones, babyshower, decoraciones tematizadas, eventos de empresa etc...","potentialAction":[{"@type":"SearchAction","target":{"@type":"EntryPoint","urlTemplate":"https:\/\/decorotuevento.es\/?s={search_term_string}"},"query-input":"required name=search_term_string"}],"inLanguage":"es"},{"@type":"WebPage","@id":"https:\/\/decorotuevento.es\/index.php\/contacto-decoracion-de-bodas-sencillas-y-economicas\/#webpage","url":"https:\/\/decorotuevento.es\/index.php\/contacto-decoracion-de-bodas-sencillas-y-economicas\/","name":"Contacto decoraci\u00f3n de bodas sencillas y econ\u00f3micas Madrid y Toledo","isPartOf":{"@id":"https:\/\/decorotuevento.es\/#website"},"datePublished":"2021-06-17T21:58:51+00:00","dateModified":"2021-07-06T21:50:12+00:00","description":"Aqu\u00ed podr\u00e1s contactar la decoraci\u00f3n de tu evento de una manera sencilla y econ\u00f3mica, decoraci\u00f3n de bodas, decoraci\u00f3n de comuni\u00f3n, decoraci\u00f3n.","breadcrumb":{"@id":"https:\/\/decorotuevento.es\/index.php\/contacto-decoracion-de-bodas-sencillas-y-economicas\/#breadcrumb"},"inLanguage":"es","potentialAction":[{"@type":"ReadAction","target":["https:\/\/decorotuevento.es\/index.php\/contacto-decoracion-de-bodas-sencillas-y-economicas\/"]}]},{"@type":"BreadcrumbList","@id":"https:\/\/decorotuevento.es\/index.php\/contacto-decoracion-de-bodas-sencillas-y-economicas\/#breadcrumb","itemListElement":[{"@type":"ListItem","position":1,"name":"Portada","item":"https:\/\/decorotuevento.es\/"},{"@type":"ListItem","position":2,"name":"Contacto"}]}]}},"jetpack-related-posts":[{"id":6,"url":"https:\/\/decorotuevento.es\/","url_meta":{"origin":7,"position":0},"title":"Decoro tu evento by DeCarmen","date":"17 de junio de 2021","format":false,"excerpt":"Sobre nosotros \u00a0 Decoraciones de Eventos DeCarmen nace tras a\u00f1os de dedicaci\u00f3n a la actividad con cari\u00f1o, con esmero, buscando siempre las novedades, buscando la forma de impactarte a ti, nuestro cliente, y a tus invitados. Apostamos por un trato familiar, cercano pero sobre todo, profesional, discreto y efectivo. \u00a0\u2026","rel":"","context":"Entrada similar","img":{"alt_text":"","src":"https:\/\/i1.wp.com\/decorotuevento.es\/wp-content\/uploads\/2021\/06\/IMG_20190305_140243_974-1024x576.jpg?resize=350%2C200","width":350,"height":200},"classes":[]},{"id":463,"url":"https:\/\/decorotuevento.es\/index.php\/decoracion-de-bodas\/","url_meta":{"origin":7,"position":1},"title":"Decoraci\u00f3n de bodas","date":"6 de julio de 2021","format":false,"excerpt":"decoraci\u00f3n de bodas Decoro tu evento By decarmen Decoraci\u00f3n de bodasBy De Carmen Cada evento, cada boda es \u00fanica e individual como lo son nuestros clientes. Se trata de crear experiencias inolvidables. Para que las emociones fluyan, cada detalle debe estar perfectamente coordinado. \"Con Decoraci\u00f3n de eventos De Carmen a\u2026","rel":"","context":"Entrada similar","img":{"alt_text":"","src":"https:\/\/i1.wp.com\/decorotuevento.es\/wp-content\/uploads\/2021\/07\/cover-2.jpg?fit=1200%2C666&ssl=1&resize=350%2C200","width":350,"height":200},"classes":[]}],"_links":{"self":[{"href":"https:\/\/decorotuevento.es\/index.php\/wp-json\/wp\/v2\/pages\/7"}],"collection":[{"href":"https:\/\/decorotuevento.es\/index.php\/wp-json\/wp\/v2\/pages"}],"about":[{"href":"https:\/\/decorotuevento.es\/index.php\/wp-json\/wp\/v2\/types\/page"}],"author":[{"embeddable":true,"href":"https:\/\/decorotuevento.es\/index.php\/wp-json\/wp\/v2\/users\/1"}],"replies":[{"embeddable":true,"href":"https:\/\/decorotuevento.es\/index.php\/wp-json\/wp\/v2\/comments?post=7"}],"version-history":[{"count":38,"href":"https:\/\/decorotuevento.es\/index.php\/wp-json\/wp\/v2\/pages\/7\/revisions"}],"predecessor-version":[{"id":501,"href":"https:\/\/decorotuevento.es\/index.php\/wp-json\/wp\/v2\/pages\/7\/revisions\/501"}],"wp:attachment":[{"href":"https:\/\/decorotuevento.es\/index.php\/wp-json\/wp\/v2\/media?parent=7"}],"curies":[{"name":"wp","href":"https:\/\/api.w.org\/{rel}","templated":true}]}}